 be (-4)/10 - (-12)/5. Let j(q) = 4 + 3*q**3 - 7 + 2*q**2 + 0 + 7*q. Let z(r) = r**3 + r**2 + 3*r - 1. Let a(y) = o*j(y) - 5*z(y). What is a(2)?
1
Let v(n) be the second derivative of n**5/20 - 2*n**4/3 + n**3/6 - 5*n**2 - 2*n. Let x be v(8). Let w(j) = -2*j - 2. Determine w(x).
2
Suppose 2*h = 2*a - 6, -7*a + 3*a - 4*h = -28. Let r(v) be the second derivative of -v**4/12 + 7*v**3/6 - v**2/2 + v. Give r(a).
9
Let y(s) = 12*s**3 + s**2. Let c be (-8)/14 + (-33)/(-21). Determine y(c).
13
Let j(w) = -w**3 + 3*w**2 - 4*w + 2. Suppose 4*z - 64 = 3*t, -5*z + 0*t = 2*t - 80. Suppose 3*o - z = -2*y - 0*y, -3*y + 7 = -4*o. What is j(o)?
-2
Let q(r) = r**3 + r**2 + r - 4. Let z = 39 - 39. Calculate q(z).
-4
Let r(h) be the third derivative of h**5/60 - h**4/12 - h**3/2 - 3*h**2. Determine r(4).
5
Let b(k) = -2*k**3 + 2*k**2 - 1. Let x be b(-1). Let g(m) = -m. Calculate g(x).
-3
Let c(a) = a**3 - 3*a**2 - 4*a - 5. Suppose -5*r + 4 = -4*r. What is c(r)?
-5
Let l(k) = 4*k**2 + 3*k + 2. Let z = -14 + 12. Determine l(z).
12
Let h(p) = 4 - 4 + p + 5 - 4. What is h(-1)?
0
Let u(h) be the first derivative of -h**3/3 - 3*h**2/2 + 4*h - 20. Give u(-3).
4
Suppose -2*y = -t - 15, -t + 5*y = -3*t + 15. Let v(a) be the first derivative of -a**4/4 - 4*a**3/3 + 3*a**2 - a - 1. Determine v(t).
-6
Let a(u) be the third derivative of -u**6/120 + 2*u**5/15 + 5*u**4/12 - u**3/2 + 12*u**2. Determine a(9).
6
Let j(u) = u**2 + 5*u + 2. Let r be 1/(3 - 14/5). Let w = -10 + r. Give j(w).
2
Let u(d) = 5*d**3 - 2*d**2 + 1. Let l = -10 + 13. Suppose -2*j + 3 = -l*p, -4*p = -4*j - 0*j + 4. Let v be 3 + -5 + 2 + p. What is u(v)?
-6
Let w(m) be the second derivative of m**3/2 + 4*m. Let x be w(-2). Let s(b) = -b - 6. Give s(x).
0
Let x(g) be the second derivative of -g**8/6720 - g**7/630 + g**6/144 - g**5/120 - g**4/6 - g. Let o(q) be the third derivative of x(q). Calculate o(-5).
-1
Let v(d) be the second derivative of -d**4/24 + 7*d**3/6 + d**2 + d. Let k(f) be the first derivative of v(f). What is k(5)?
2
Let q(m) = -4*m + 5 + 9*m**2 - 5*m**3 + 0*m - 5. Let z(i) = -i**3 + 2*i**2 - i. Let f(a) = 2*q(a) - 9*z(a). Determine f(0).
0
Let t(i) = i + 1. Let u(j) = -j**2 + 10*j - 11. Let b be u(2). What is t(b)?
6
Let w = -7 - -8. Let t(q) = w - 2 + 5 - q. What is t(-4)?
8
Let y(q) = -q + 1. Let k(f) = -8*f + 8. Let s(w) = -2*k(w) + 14*y(w). Let r be 7/3 - (-4)/6. Suppose -c - i + r = 0, 3*c + 5*i - 6 = 1. What is s(c)?
6
Let w(d) = -d**3 - 4*d**2 - 3*d - 2. Let l be 68/(-18) - (-8)/(-36). What is w(l)?
10
Let r be -12 - -8 - (-3 + 1 + 1). Let f(b) = b**2 - b + 2. Determine f(r).
14
Let q(z) = z**3 + z**2 - z + 4. Let b be 3*(-6)/(-9) - 2. Suppose 0 = 3*s - b*s. Give q(s).
4
Suppose z + 4 = 2*z. Suppose -z*f + 16 + 44 = 0. Suppose -5*j - f - 5 = 0. Let v(s) = s + 1. What is v(j)?
-3
Let w(o) be the second derivative of -o**3/6 + 4*o. Determine w(-3).
3
Let r be (-35)/(-20) + 6/(-8). Let i(j) = j**2 - j + 1. Let f(d) = -d**3 + 4*d**2 - 4*d + 2. Let o(h) = r*f(h) - 6*i(h). Give o(-3).
-1
Let j be 43/(-6) - (-2)/12. Let q(n) = -n**2 - 8*n - 5. Give q(j).
2
Let n(g) = -g**3 - 4*g**2 + 4*g. Suppose -5*z - 20 = 5. Calculate n(z).
5
Let h(b) be the second derivative of -b**3/3 - 3*b**2 - b. Suppose -2 = -0*l - l. Suppose -4*j - l = 14. What is h(j)?
2
Let s(y) = -3*y**3 - 33*y**2 - 6. Let p(q) = -q**3 - 11*q**2 - 2. Let i(m) = -8*p(m) + 3*s(m). What is i(-11)?
-2
Suppose -6*w + 2 = 2. Let z(r) be the third derivative of 0 - 1/24*r**4 + w*r - 2*r**2 + 0*r**3. Determine z(0).
0
Let q be (-6)/3 - (-2)/1. Let z(u) be the third derivative of u**5/120 - u**4/24 - u**3/6 + 2*u**2. Let i(s) be the first derivative of z(s). What is i(q)?
-1
Let l(q) = -q**2 + 4*q + 2. Suppose -o = 2*c - 16, -3*c = o - 3*o - 3. Calculate l(o).
-10
Suppose -5*t + 30 - 5 = 0. Let l(v) = -v**2 + 5*v + 5. Determine l(t).
5
Let d(o) = -o**2 + 10*o - 2. Let b be 1/(111/27 - 4). What is d(b)?
7
Let n(r) = -3*r + 2 + 2 - r. Let m(a) = 5*a - 4. Let t(x) = 5*m(x) + 6*n(x). Determine t(0).
4
Let b(c) be the third derivative of -c**5/20 - c**4/8 - c**3/6 + c**2. Give b(-2).
-7
Suppose 4*p - 2 = 2*p, 4*p = u + 1. Let l(s) = -s. Suppose -i = 3*i + 20. Let m(n) = -6*n + 2. Let d(q) = i*l(q) + m(q). Give d(u).
-1
Suppose 1 = 2*q - 3. Let b(t) = 1. Let w(k) = -k**2 - 2*k - 2. Let j(u) = q*b(u) + w(u). Give j(-1).
1
Let o = 14 + -10. Let u(z) = 0 - 1 + z**3 + 2 + o*z**2 + z. Determine u(-4).
-3
Suppose -j = -4*z, -15 = -5*z + j + 4*j. Let t(x) be the first derivative of 2*x**3/3 + x**2/2 + x - 2. What is t(z)?
2
Let m(a) = 5*a**3 + 7*a**2 - 5*a - 2. Let w(l) = -l**3 - l**2 + l. Let f(o) = -m(o) - 6*w(o). Calculate f(-2).
-8
Let c(q) = -2*q - 25. Let r be c(-12). Let o(f) = 11*f**3 + f + 1. Determine o(r).
-11
Let k be (12/(-42))/(2/(-14)). Suppose 3*u + 8 = -q, 4*u = k*q - 9 - 5. Let r(z) = -6*z**2 - 1. What is r(q)?
-7
Let q = -18 - -23. Let s(d) = -d**3 + 6*d**2 - 5*d - 3. Calculate s(q).
-3
Let c(h) be the third derivative of -h**4/8 + 13*h**3/6 + 6*h**2. Let i(x) = x - 1. Let z(u) = -c(u) - 4*i(u). Calculate z(-6).
-3
Suppose 10*k - 12*k = 12. Let h(r) = -3*r - 9. Give h(k).
9
Let o(h) = 3*h**2 + 9*h - 19. Let x(u) = -5*u**2 - 13*u + 29. Let f(a) = 8*o(a) + 5*x(a). Give f(6).
-1
Let s(b) = b**2 + 4*b + 2. Suppose 0 - 6 = 3*r. Let i be s(r). Let p(y) be the first derivative of -y**3 - y**2 - y - 3. Calculate p(i).
-9
Let o(n) = -4*n - 2 + n + n + 0 + 2*n**2. Determine o(-2).
10
Let n(b) be the second derivative of b**5/20 + b**4/4 - 7*b**3/6 - 5*b**2/2 + 6*b. Let v = -6 - -2. Calculate n(v).
7
Let s = 48 + -47. Let q(p) = 8*p**3 - 4*p + 3. Let c(k) = k**3 - k + 1. Let a(d) = 3*c(d) - q(d). Determine a(s).
-4
Let y(w) = 4*w**3 - 3*w + 144*w**2 - 3 - 3 - 140*w**2 - 3*w**3. Suppose 4*s - 3*t - 3 = 7, 4 = -2*t. Suppose 5 = -k + s. Determine y(k).
6
Let d(i) be the second derivative of -1/12*i**4 + i**3 - i + 2*i**2 + 0. Determine d(5).
9
Let j be 12/(-7)*(-28)/8. Let g(o) = -o**2 + 8*o + 2 - j*o + 0*o**2. Determine g(3).
-1
Let h = -18 - -24. Let q(w) = -w**2 + 6*w - 1. Let i be q(h). Let d(p) = -4*p**3 + p**2 + p. Calculate d(i).
4
Suppose 2*h = 5*h - 36. Suppose 2*l = 4*l + h. Let k(r) = r + 8. Calculate k(l).
2
Let s(o) = o**3 - 2*o**2 - 2*o + 1. Suppose 156*x + 3 = 157*x. Give s(x).
4
Let s(z) = 4 - 7 + 6*z + z**2 - 2. Determine s(-5).
-10
Let r(l) = 5*l**2 + 4*l - 8. Let s(q) = 11*q**2 + 9*q - 17. Let d(b) = 13*r(b) - 6*s(b). Suppose -3*a + 5 = 17. Calculate d(a).
-10
Let o(x) = -17*x + 9. Let y(m) = -m + 1. Let w(z) = o(z) - 6*y(z). Calculate w(2).
-19
Let q = 3 - 6. Let l(b) = 4*b - 1. Let d(j) = 5*j - 1. Let s(u) = 3*d(u) - 4*l(u). Determine s(q).
4
Let h(j) = 4*j**3 - 10*j**2 + j - 4. Let f(n) = n**3 - n**2 - n + 1. Let w(q) = 3*f(q) - h(q). Give w(6).
19
Suppose -6*g = -g - s - 88, g + s - 14 = 0. Suppose 3*f = -4 - g. Let p(t) = -t - 7. Give p(f).
0
Suppose -2*p = 2*p - 3*j + 29, 5*j - 20 = p. Let b = p + 3. Let t(g) = -2 - 2 + 1 + 5 + 3*g. What is t(b)?
-4
Suppose s - 3*s + 14 = 0. Let y(r) = -7*r - 7*r**3 + 3*r**3 + 4 + 3*r**3 + s*r**2. Let n be y(6). Let z(g) = 2*g**2 + 3*g + 1. Determine z(n).
3
Let y(z) = 8*z**2 + 32*z + 14. Let f(i) = -3*i**2 - 11*i - 5. Let g(j) = -11*f(j) - 4*y(j). Let x be 5/(0 + 1)*1. Determine g(x).
-11
Let x(q) be the third derivative of -q**5/30 - q**4/24 - 2*q**2. Suppose -3*p = -2*i - 8, p + 2 = 3*i - 0*p. Give x(i).
-10
Let v(o) = -o**2 + 6*o + 1. Suppose 5*w - w = -2*x + 12, 28 = 5*w - 4*x. Suppose 0*q + w*q - 24 = 0. Give v(q).
1
Let i(t) = t**3 - 7*t**2 - 7*t - 3. Let l be i(8). Let s(h) = -1 - 120*h + 0 - 2 + 124*h. Calculate s(l).
17
Suppose -3*y + 6 = -6. Let n be 0 + y + -4 + 4. Let o(r) = r**2 - 4*r + 3. Determine o(n).
3
Let t = -4 + 4. Suppose -3*j - 3 = t, -4*k - 4*j = 5 + 7. Let l(u) = 2*u**2 + 9 + 5 - 20 - 2*u + 3. Calculate l(k).
9
Let z(o) = o**3 - 4 + 0 - 2*o + 3. Let k be z(2). Suppose -p = k*u - u + 13, -u - 3*p - 9 = 0. Let m(c) = -c**3 - 6*c**2 + c + 1. Give m(u).
-5
Let q(f) be the third derivative of 1/60*f**5 + 0 + 0*f + 2/3*f**3 - 7/24*f**4 + f**2. What is q(5)?
-6
Let o(a) = -6*a + 2 + 0*a - 4. Calculate o(-2).
10
Let w(v) be the first derivative of -v**4/4 - v**3 + 7*v**2/2 + 2*v + 15. Calculate w(-5).
17
Let o = -8 - -11. Let p(n) = n**2 - n - 5. Let q be p(o). Let y